{"id":9,"date":"2018-01-06T11:01:40","date_gmt":"2018-01-06T10:01:40","guid":{"rendered":"http:\/\/sgdf-rangueil.fr\/?page_id=9"},"modified":"2018-09-08T11:56:02","modified_gmt":"2018-09-08T09:56:02","slug":"contact","status":"publish","type":"page","link":"https:\/\/sgdf-rangueil.fr\/?page_id=9","title":{"rendered":"Contact"},"content":{"rendered":"<h1>Qui sommes-nous ?<\/h1>\n<p>Nous sommes le groupe Scouts et Guides de France de la paroisse Notre-Dame du Rosaire, situ\u00e9e dans le couvent des Dominicains, \u00e0 Toulouse.<\/p>\n<p>Les Scouts et Guides de France sont un mouvement catholique de jeunesse qui a pour but de contribuer \u00e0 l\u2019\u00e9ducation des enfants et des jeunes et \u00e0 leur engagement dans la vie sociale selon les buts, les principes et les m\u00e9thodes du scoutisme. Le mouvement est ouvert \u00e0 tous sans distinction de nationalit\u00e9, de culture, d\u2019origine sociale ou de croyance.<\/p>\n<h1>O\u00f9 nous trouver ?<\/h1>\n<div>Le couvent des Dominicains et la paroisse Notre Dame du Rosaire accueillent\u00a0 le groupe\u00a0 Scouts et Guides de France \u00e0 Rangueil, dans les locaux construit dans le parc du couvent. Ces locaux accueillent les enfants depuis plus de 50 ans.<\/div>\n<p><iframe loading=\"lazy\" src=\"https:\/\/www.google.com\/maps\/embed?pb=!1m18!1m12!1m3!1d992.1794405069254!2d1.460940261652033!3d43.566885771519686!2m3!1f0!2f0!3f0!3m2!1i1024!2i768!4f13.1!3m3!1m2!1s0x12aebc15bbe3ac67%3A0xa147d50ffba0cc9b!2sScouts+et+Guides+de+France+-+Groupe+Rangueil+-+Saint+Dominique!5e1!3m2!1sfr!2sfr!4v1536400428667\" width=\"600\" height=\"450\" frameborder=\"0\" style=\"border:0\" allowfullscreen><\/iframe><\/p>\n<div><\/div>\n<div><\/div>\n<h1>Le scoutisme ?<\/h1>\n<p>Le mouvement des Scouts et Guides de France a pour but de former des citoyens libres, heureux, engag\u00e9s et artisans de paix. Pour aider chaque jeune \u00e0 grandir dans sa relation \u00e0 soi, aux autres et \u00e0 Dieu, elle mise sur une p\u00e9dagogie du jeu, du projet, de l\u2019\u00e9quipe, de la vie dans la nature et de la promesse, et cherche \u00e0 \u00e9duquer les enfants et les jeunes \u00e0 la citoyennet\u00e9, \u00e0 la solidarit\u00e9, au respect de l\u2019environnement, au cheminement spirituel et \u00e0 l\u2019ouverture aux autres.<\/p>\n<p>Le mouvement est membre de la F\u00e9d\u00e9ration du Scoutisme Fran\u00e7ais, qui compte \u00e9galement les \u00c9claireuses et \u00c9claireurs de France, les \u00c9claireuses et \u00c9claireurs Isra\u00e9lites de France, les \u00c9claireuses et \u00c9claireurs Unionistes de France, et les Scouts Musulmans de France.<\/p>\n<p>Concr\u00e8tement, les Scouts et Guides de France proposent aux jeunes filles et gar\u00e7ons de 6 \u00e0 20 ans un espace de vie et des activit\u00e9s qui r\u00e9pondent \u00e0 leur besoin de r\u00eaver, d\u2019agir, de r\u00e9ussir leurs projets, de vivre en communaut\u00e9, de donner sens \u00e0 leur vie. Les \u00e9quipes sont soutenues dans leurs projets et encadr\u00e9es par des jeunes chefs et cheftaines b\u00e9n\u00e9voles, Les Scouts et Guides de France participent \u00e0 de nombreuses activit\u00e9s d\u2019int\u00e9r\u00eat g\u00e9n\u00e9ral dans les domaines de la solidarit\u00e9, de l\u2019environnement et de la s\u00e9curit\u00e9 civile. Ils misent sur la co\u2011\u00e9ducation des gar\u00e7ons et des filles et accueillent des jeunes, de milieux sociaux, de cultures ou de religions diff\u00e9rentes.<\/p>\n<h2>Contacts<\/h2>\n<p>Pour nous contacter,utilisez le formulaire suivant :<\/p>\n<div role=\"form\" class=\"wpcf7\" id=\"wpcf7-f1074-o1\" lang=\"fr-FR\" dir=\"ltr\">\n<div class=\"screen-reader-response\"><p role=\"status\" aria-live=\"polite\" aria-atomic=\"true\"><\/p> <ul><\/ul><\/div>\n<form action=\"\/index.php?rest_route=%2Fwp%2Fv2%2Fpages%2F9#wpcf7-f1074-o1\" method=\"post\" class=\"wpcf7-form init\" novalidate=\"novalidate\" data-status=\"init\">\n<div style=\"display: none;\">\n<input type=\"hidden\" name=\"_wpcf7\" value=\"1074\" \/>\n<input type=\"hidden\" name=\"_wpcf7_version\" value=\"5.4.2\" \/>\n<input type=\"hidden\" name=\"_wpcf7_locale\" value=\"fr_FR\" \/>\n<input type=\"hidden\" name=\"_wpcf7_unit_tag\" value=\"wpcf7-f1074-o1\" \/>\n<input type=\"hidden\" name=\"_wpcf7_container_post\" value=\"0\" \/>\n<input type=\"hidden\" name=\"_wpcf7_posted_data_hash\" value=\"\" \/>\n<\/div>\n<p><label> Votre nom (obligatoire)<br \/>\n    <span class=\"wpcf7-form-control-wrap your-name\"><input type=\"text\" name=\"your-name\" value=\"\" size=\"40\" class=\"wpcf7-form-control wpcf7-text wpcf7-validates-as-required\" aria-required=\"true\" aria-invalid=\"false\" \/><\/span> <\/label><\/p>\n<p><label> Votre adresse de messagerie (obligatoire)<br \/>\n    <span class=\"wpcf7-form-control-wrap your-email\"><input type=\"email\" name=\"your-email\" value=\"\" size=\"40\" class=\"wpcf7-form-control wpcf7-text wpcf7-email wpcf7-validates-as-required wpcf7-validates-as-email\" aria-required=\"true\" aria-invalid=\"false\" \/><\/span> <\/label><\/p>\n<p><label> Objet<br \/>\n    <span class=\"wpcf7-form-control-wrap your-subject\"><input type=\"text\" name=\"your-subject\" value=\"\" size=\"40\" class=\"wpcf7-form-control wpcf7-text\" aria-invalid=\"false\" \/><\/span> <\/label><\/p>\n<p><label> Votre message<br \/>\n    <span class=\"wpcf7-form-control-wrap your-message\"><textarea name=\"your-message\" cols=\"40\" rows=\"10\" class=\"wpcf7-form-control wpcf7-textarea\" aria-invalid=\"false\"><\/textarea><\/span> <\/label><\/p>\n<p><span class=\"wpcf7-form-control-wrap acceptance-770\"><span class=\"wpcf7-form-control wpcf7-acceptance\"><span class=\"wpcf7-list-item\"><label><input type=\"checkbox\" name=\"acceptance-770\" value=\"1\" aria-invalid=\"false\" \/><span class=\"wpcf7-list-item-label\">En cochant cette case, j\u2019accepte la <a target=\"_BLANK\" href=\"https:\/\/sgdf-rangueil.fr\/?page_id=2917\"> Politique de confidentialit\u00e9 de ce site <\/a><\/span><\/label><\/span><\/span><\/span><\/p>\n<p><input type=\"submit\" value=\"Envoyer\" class=\"wpcf7-form-control wpcf7-submit\" \/><\/p>\n<div class=\"inv-recaptcha-holder\"><\/div><div class=\"wpcf7-response-output\" aria-hidden=\"true\"><\/div><\/form><\/div>\n","protected":false},"excerpt":{"rendered":"<p>Qui sommes-nous ? Nous sommes le groupe Scouts et Guides de France de la paroisse Notre-Dame du Rosaire, situ\u00e9e dans le couvent des Dominicains, \u00e0 Toulouse. Les Scouts et Guides de France sont un mouvement catholique de jeunesse qui a<\/p>\n","protected":false},"author":1,"featured_media":4,"parent":0,"menu_order":0,"comment_status":"closed","ping_status":"closed","template":"","meta":[],"_links":{"self":[{"href":"https:\/\/sgdf-rangueil.fr\/index.php?rest_route=\/wp\/v2\/pages\/9"}],"collection":[{"href":"https:\/\/sgdf-rangueil.fr\/index.php?rest_route=\/wp\/v2\/pages"}],"about":[{"href":"https:\/\/sgdf-rangueil.fr\/index.php?rest_route=\/wp\/v2\/types\/page"}],"author":[{"embeddable":true,"href":"https:\/\/sgdf-rangueil.fr\/index.php?rest_route=\/wp\/v2\/users\/1"}],"replies":[{"embeddable":true,"href":"https:\/\/sgdf-rangueil.fr\/index.php?rest_route=%2Fwp%2Fv2%2Fcomments&post=9"}],"version-history":[{"count":7,"href":"https:\/\/sgdf-rangueil.fr\/index.php?rest_route=\/wp\/v2\/pages\/9\/revisions"}],"predecessor-version":[{"id":2096,"href":"https:\/\/sgdf-rangueil.fr\/index.php?rest_route=\/wp\/v2\/pages\/9\/revisions\/2096"}],"wp:featuredmedia":[{"embeddable":true,"href":"https:\/\/sgdf-rangueil.fr\/index.php?rest_route=\/wp\/v2\/media\/4"}],"wp:attachment":[{"href":"https:\/\/sgdf-rangueil.fr\/index.php?rest_route=%2Fwp%2Fv2%2Fmedia&parent=9"}],"curies":[{"name":"wp","href":"https:\/\/api.w.org\/{rel}","templated":true}]}}