{"id":2936,"date":"2019-09-22T11:00:13","date_gmt":"2019-09-22T09:00:13","guid":{"rendered":"https:\/\/sgdf-rangueil.fr\/?page_id=2936"},"modified":"2021-11-29T16:07:41","modified_gmt":"2021-11-29T15:07:41","slug":"formulaires","status":"publish","type":"page","link":"https:\/\/sgdf-rangueil.fr\/?page_id=2936","title":{"rendered":"Formulaires"},"content":{"rendered":"<p>Retrouvez sur cette page les formulaires pour les demandes les plus courantes.<br>L&rsquo;avantage d&rsquo;utiliser les formulaires plut\u00f4t que le mail est de nous permettre un meilleur suivi de vos demandes. La messagerie \u00e9tant suivie par plusieurs personnes, il arrive qu&rsquo;un mail passe \u00e0 la trappe.<\/p>\n<p>Voici la liste des formulaires disponibles :<\/p>\n<ul>\n<li><a href=\"https:\/\/sgdf-rangueil.fr\/?p=2932\">Demande de justificatif de paiement<\/a><\/li>\n<\/ul>\n\n\n<p>Retrouvez ci dessous les trame et documentation par th\u00e9matique :<\/p>\n\n\n\n<ul><li>Gestion des frais : En r\u00e9sum\u00e9, un frais est une d\u00e9pense effectu\u00e9e avec un moyen de paiement personnel.<ul><li><a href=\"https:\/\/sgdf-rangueil.fr\/wp-content\/uploads\/2019\/12\/pdf_fa-61-04-2006.pdf\">Quels frais se faire rembourser ?<\/a><\/li><li><a href=\"https:\/\/sgdf-rangueil.fr\/wp-content\/uploads\/2019\/12\/fa-62-04-2006.pdf\">Comment se faire rembourser les frais ?<\/a><\/li><li><a href=\"https:\/\/sgdf-rangueil.fr\/wp-content\/uploads\/2019\/12\/d16-fiche-action-adf.pdf\">Comment faire un abandon de frais ?<\/a><\/li><li><a href=\"https:\/\/sgdf-rangueil.fr\/wp-content\/uploads\/2021\/11\/Feuille_de_remboursement_de_frais_2021_SLA-1.xlsx\" data-type=\"URL\">Trame de la feuille de remboursement de frais.<\/a><\/li><li><a href=\"https:\/\/sgdf-rangueil.fr\/wp-content\/uploads\/2019\/12\/modle_abandons_de_frais_2019.xlsx\">Trame de l&rsquo;abandon de frais.<\/a><\/li><\/ul><\/li><\/ul>\n\n\n\n<p><\/p>\n","protected":false},"excerpt":{"rendered":"<p>Retrouvez sur cette page les formulaires pour les demandes les plus courantes.L&rsquo;avantage d&rsquo;utiliser les formulaires plut\u00f4t que le mail est de nous permettre un meilleur suivi de vos demandes. La messagerie \u00e9tant suivie par plusieurs personnes, il arrive qu&rsquo;un mail<\/p>\n","protected":false},"author":2,"featured_media":0,"parent":0,"menu_order":0,"comment_status":"closed","ping_status":"closed","template":"","meta":[],"_links":{"self":[{"href":"https:\/\/sgdf-rangueil.fr\/index.php?rest_route=\/wp\/v2\/pages\/2936"}],"collection":[{"href":"https:\/\/sgdf-rangueil.fr\/index.php?rest_route=\/wp\/v2\/pages"}],"about":[{"href":"https:\/\/sgdf-rangueil.fr\/index.php?rest_route=\/wp\/v2\/types\/page"}],"author":[{"embeddable":true,"href":"https:\/\/sgdf-rangueil.fr\/index.php?rest_route=\/wp\/v2\/users\/2"}],"replies":[{"embeddable":true,"href":"https:\/\/sgdf-rangueil.fr\/index.php?rest_route=%2Fwp%2Fv2%2Fcomments&post=2936"}],"version-history":[{"count":8,"href":"https:\/\/sgdf-rangueil.fr\/index.php?rest_route=\/wp\/v2\/pages\/2936\/revisions"}],"predecessor-version":[{"id":3045,"href":"https:\/\/sgdf-rangueil.fr\/index.php?rest_route=\/wp\/v2\/pages\/2936\/revisions\/3045"}],"wp:attachment":[{"href":"https:\/\/sgdf-rangueil.fr\/index.php?rest_route=%2Fwp%2Fv2%2Fmedia&parent=2936"}],"curies":[{"name":"wp","href":"https:\/\/api.w.org\/{rel}","templated":true}]}}